inder when b is divided by 13?
8
What is the remainder when 225 is divided by 0 + (-46)/(-4) + (-1)/(-2)?
9
Let m be 1/(-4) + (-39)/(-12). Suppose -m*q - 48 = -6*q. Calculate the remainder when q is divided by (14 + (-225)/18)/(1/6).
7
Suppose -2*k + 5*a - 14 = 0, -2*k + a = -0*a + 22. Let x = k + 21. Calculate the remainder when 17 is divided by x.
8
Calculate the remainder when 90 is divided by (-12)/24 - (-47)/2.
21
Let d(f) = f**3 - 5*f**2 + 5*f + 2. Calculate the remainder when d(4) is divided by 3.
0
Suppose t = -5*l - 11, t = -t + l + 22. Calculate the remainder when 24 is divided by t.
6
Let j(d) = d**3 + 7*d**2 + 5*d + 9. Let n(c) = c**3 - 5*c**2 - 4*c - 4. Calculate the remainder when j(-6) is divided by n(6).
7
Let q = -1 + 22. What is the remainder when q is divided by 12?
9
Suppose 0 = -5*m + 23 + 42. What is the remainder when 34 is divided by m?
8
Let o be -2 - (2 + (1 - 9)). Suppose o*x - 2*d - 56 = 0, -4*x + 48 = -0*d - 4*d. Calculate the remainder when 45 is divided by x.
13
Let p = -52 + 58. What is the remainder when 14 is divided by p?
2
Let w = -30 - -46. Calculate the remainder when 30 is divided by w.
14
Suppose 233 = 3*c + 38. Suppose -2*r + 15 + 19 = 0. What is the remainder when c is divided by r?
14
Suppose 3*y = c - 5*c - 40, -28 = 2*y + 3*c. What is the remainder when (-192)/y*(-1)/(-3) is divided by 3?
2
Let h = 1 + 1. Let o = h + -2. Suppose 2*p + o*p - y = 26, -2*p - 2*y + 26 = 0. Calculate the remainder when p is divided by 5.
3
Suppose 0 = 2*b - j + 1, 5*b - 9 = -3*j + 16. Suppose b*s + 5 = -3*s. Calculate the remainder when 3/(-6)*s*4 is divided by 2.
0
Let g(h) = h**3 - 5*h**2 + 4*h - 5. Let o be g(5). Let q = o - -6. Calculate the remainder when q is divided by 8.
5
Suppose -2*x = 5*c - x - 245, -4*x + 30 = c. What is the remainder when c is divided by 13?
11
Let i(v) = v**3 - 8*v**2 - v + 9. Let f be i(8). Let k be -2 + 58 - (-2 + f). Let s = k - 31. What is the remainder when s is divided by 9?
8
Let i = -107 + 116. Suppose 5*z = 29 + 46. Calculate the remainder when z is divided by i.
6
Suppose -n = 4*b - 19, -2*n + 18 = 4*b - 0*b. Suppose -4 = b*y - 419. Calculate the remainder when y is divided by 28.
27
Suppose 2*c = -7 + 29. Calculate the remainder when 54 is divided by c.
10
Let h(k) = -2*k + 7. Suppose -37 = -q - 0*q. Calculate the remainder when q is divided by h(-6).
18
Let c(b) = b**3 + 5*b**2 + 6*b + 4. Let f be c(-4). Let p(n) = -n + 12. Calculate the remainder when ((-80)/28)/(f/14) is divided by p(6).
4
Suppose -x + 7 + 0 = 0. Suppose 3 + x = 2*y. Calculate the remainder when 13 is divided by y.
3
Let n be 16/3 + (-2)/6. Suppose -2*v + 13 = n*c, 0*c + 15 = 4*v - c. Let w = -101 + 108. What is the remainder when w is divided by v?
3
Suppose -s - 2 = -0. Let v(w) = -20*w + 1. Calculate the remainder when v(s) is divided by 21.
20
Let d be (114/9)/(1/(-3)). Let p = d - -54. Let c = -5 - -11. Calculate the remainder when p is divided by c.
4
Suppose 0 = 2*h - 4*p - 28, 3*p + 2 + 16 = h. Calculate the remainder when 23 is divided by h.
5
Suppose -4*w + 8 = -20. Let x(b) = -6*b**2 + b**3 - 5 - 3 + 0. Calculate the remainder when x(w) is divided by 14.
13
Let x(v) = v - 2. Let o be x(-7). Let n = 17 + o. Let p(q) = q**2 - 8*q + 4. What is the remainder when 10 is divided by p(n)?
2
Suppose o - 56 = -4. Suppose 2*g + 3*u = -3*g + o, -6 = -g - 5*u. Calculate the remainder when 42 is divided by g.
9
Let n be (-3)/9 - 47/3. What is the remainder when 14 is divided by 3*n*(-1)/6?
6
Suppose -19 = -2*b - 4*z - z, -b + 27 = -z. What is the remainder when 85 is divided by b?
19
Let d = -10 - -5. Suppose 0 = -2*f - 2*u - 12, 0 = -0*f - 3*f + 2*u - 3. What is the remainder when 21 is divided by (-58)/d + f/5?
10
Let m = -7 - -15. Calculate the remainder when m is divided by ((-3 - -2) + -2)*-1.
2
Suppose 4*h - 86 + 18 = 0. What is the remainder when h is divided by 9?
8
Let o = 3 - 2. Let q = 3 - o. Suppose 2*r + 4*i + 18 = 0, 3*r + 4*i = -0*r - 17. Calculate the remainder when q is divided by r.
0
Let j = 17 + 0. Suppose -1 = -s + 3. Suppose 237 = 5*y + s*k, -2*k = -y + k + 55. Calculate the remainder when y is divided by j.
15
Let x = 87 + -44. Calculate the remainder when 84 is divided by x.
41
Let a be 1/3 + 62/3. Suppose -15 = -3*g + a. Calculate the remainder when g is divided by 7.
5
Let i = 67 + -39. Suppose 2*k - 32 = 4*y, -9*y = -3*k - 4*y + 44. What is the remainder when i is divided by k?
4
Let r(y) be the second derivative of y**5/20 + 5*y**4/6 - 2*y**3 + 3*y. Calculate the remainder when 18 is divided by r(-11).
7
Suppose 6*c = c + 5*b + 15, -4 = -b. What is the remainder when c is divided by (-3)/(((-6)/8)/1)?
3
Let g = -7 + 8. What is the remainder when 34 is divided by 7*(g - 10/(-14))?
10
Suppose -6*i + 9*i - 120 = 0. What is the remainder when i is divided by 21?
19
Suppose 0*l - 5*l + 45 = 0. Suppose 45 = 3*b - 3*u, -26 = -2*b - 3*u + 9. What is the remainder when b is divided by l?
7
Let h(v) = -v**3 + 11*v**2 - v + 16. Let w be h(11). Suppose -w*n - 45 = -140. Suppose -3*a - 2*a + 50 = 0. What is the remainder when n is divided by a?
9
Suppose 7 = -2*k - 0*k - 5*f, -k - 5*f = 1. Let a(c) = -c**2 - 8*c + 1. Calculate the remainder when a(k) is divided by 5.
3
Let n = 18 - 12. Suppose -n = -2*k + 22. Calculate the remainder when k is divided by (5/2)/((-1)/(-2)).
4
Let h(l) = l**2 + l + 3. Let u be h(-3). Let x = u - 5. Suppose 49 = 4*s - 5*d, 0 = x*s + 4*d - 8 - 32. Calculate the remainder when 20 is divided by s.
9
Suppose 5*t - h - 4*h - 40 = 0, -5*t = 2*h - 19. What is the remainder when 8 is divided by t?
3
Suppose 0 = w - 4*h + 22, 5*h - 15 = 10. Let s be ((-4)/w)/(4/(-14)). Let u = 36 + s. Calculate the remainder when u is divided by 10.
9
Let c be (0 - 2)/((-4)/(-82)). Let b(s) = 6*s**2 + 1. Let t be b(4). Let r = t + c. Calculate the remainder when r is divided by 19.
18
Suppose -3*d = -4*f + 87, 3*f + 5*d - 2 - 27 = 0. Calculate the remainder when 53 is divided by f.
17
Suppose n + 3*b - 36 = -2*n, -2*n = -b - 33. Let s(k) = -k**3 - 10*k**2 - 18*k - 6. Calculate the remainder when n is divided by s(-8).
5
Let o = -29 + 51. What is the remainder when 40 is divided by o?
18
Let i be 5/(-10) + 2/4. Suppose -5*l + 93 + 2 = i. Calculate the remainder when 74 is divided by l.
17
Let z(h) = 2*h**2 - 3*h + 4. Suppose 3*t - 2*s = 9, 4*s + 3 = 3*t - 6. Calculate the remainder when z(t) is divided by 4.
1
Suppose 4*h = 2*h + 12. Let v = -20 + 18. Let x = v - -18. What is the remainder when x is divided by h?
4
Let r = 1 - 0. Let f = r + 3. Let j(y) = -y. Calculate the remainder when j(-6) is divided by f.
2
Let p = -16 + 25. What is the remainder when 53 is divided by p?
8
Let c = 76 - 38. What is the remainder when 109 is divided by c?
33
Let s = -5 + 7. Suppose -s*r - 12 + 0 = -2*d, -3*d + 4*r = -22. Suppose -d*v - 21 + 71 = 0. What is the remainder when v is divided by 13?
12
Suppose -b + 27 = z + 7, 5*z + 3*b = 90. Let d(j) = 2*j + 7. Calculate the remainder when d(6) is divided by 2/(-6) + 170/z.
8
Let c = 413 - 204. Suppose 3*b = 3, 4*y - c = y - 5*b. Calculate the remainder when y is divided by 23.
22
Calculate the remainder when 74 is divided by -2*(-9)/(-12)*-10.
14
Suppose -4*w = -5*l + 24, 0 = -5*w - 3*l + 2*l - 1. Calculate the remainder when (-38)/w - (-3 + 3) is divided by (-279)/(-21) + 4/(-14).
12
Let o = 10 - 5. Calculate the remainder when 8 is divided by o.
3
Suppose 18 = -2*g + 5*j, 4*g + 5*j = 4*j - 14. Let c = 14 + g. Calculate the remainder when 19 is divided by c.
9
Let k be 4 - -3 - (-2 + 5). Let j(s) = 2 - k*s - 5 + 0 + 1. Calculate the remainder when 63 is divided by j(-6).
19
Let k(j) = -2*j - 13. Let i be k(-9). What is the remainder when 311/6 + i/30 is divided by 18?
16
Let a(r) = 2*r + 10. Let u be a(-8). Let v(m) = m**2 - m + 2. Let i be v(-2). Let n = u + i. What is the remainder when 3 is divided by n?
1
Suppose 3*a + 6*a - 288 = 0. Calculate the remainder when 60 is divided by a.
28
Let j = 80 + -47. Let k(m) = -m**2 + 8*m - 8. Let c be k(6). Suppose c*x - 39 = j. Calculate the remainder when 35 is divided by x.
17
Let h = 0 - -2. Let o(z) = -1 - z**3 - 7*z**2 + 2*z**h - 4*z + 2*z**3. Calculate the remainder when 20 is divided by o(6).
9
What is the